1852668 is divided by 1647?
1440
Calculate the remainder when 61421888 is divided by 3699.
3692
What is the remainder when 56546 is divided by 1380?
1346
Calculate the remainder when 39511584 is divided by 83534.
2
Calculate the remainder when 1427539 is divided by 54904.
35
What is the remainder when 11326931 is divided by 8409?
8
Calculate the remainder when 3055933 is divided by 1289.
1003
What is the remainder when 715890 is divided by 8730?
30
What is the remainder when 93026 is divided by 46416?
194
What is the remainder when 6749018 is divided by 437?
427
Calculate the remainder when 184589 is divided by 703.
403
What is the remainder when 765069 is divided by 50663?
5124
Calculate the remainder when 2075335 is divided by 11098.
9
Calculate the remainder when 7640925 is divided by 3861.
6
What is the remainder when 262829825 is divided by 63?
62
Calculate the remainder when 1870561 is divided by 1870555.
6
Calculate the remainder when 4083238 is divided by 816647.
3
What is the remainder when 57485881 is divided by 767?
765
Calculate the remainder when 252590 is divided by 902.
30
What is the remainder when 12990565 is divided by 4729?
2
What is the remainder when 15450959 is divided by 272?
271
What is the remainder when 8309165 is divided by 47?
35
What is the remainder when 455005 is divided by 151656?
37
What is the remainder when 306041 is divided by 61193?
76
Calculate the remainder when 1418481 is divided by 483.
393
What is the remainder when 41260 is divided by 10188?
508
Calculate the remainder when 73345 is divided by 1834.
1819
Calculate the remainder when 1263249 is divided by 701.
47
Calculate the remainder when 553373314 is divided by 6.
4
What is the remainder when 5920775 is divided by 23128?
7
Calculate the remainder when 1020662 is divided by 111.
17
Calculate the remainder when 166891 is divided by 52589.
9124
What is the remainder when 1434034 is divided by 477977?
103
What is the remainder when 52898 is divided by 233?
7
Calculate the remainder when 13268965 is divided by 28783.
2
Calculate the remainder when 940053638 is divided by 4217.
4215
What is the remainder when 94249449 is divided by 6673?
6670
Calculate the remainder when 8830 is divided by 8417.
413
What is the remainder when 36708622 is divided by 227?
225
What is the remainder when 100766 is divided by 146?
26
What is the remainder when 125361786 is divided by 348?
6
What is the remainder when 12603214 is divided by 3818?
3814
Calculate the remainder when 969718 is divided by 1377.
310
What is the remainder when 987319 is divided by 2640?
2599
Calculate the remainder when 3229378 is divided by 6588.
1258
Calculate the remainder when 332231 is divided by 4264.
3903
Calculate the remainder when 937148 is divided by 743.
225
Calculate the remainder when 390990 is divided by 195423.
144
Calculate the remainder when 4026169 is divided by 39472.
25
Calculate the remainder when 691716 is divided by 9328.
1444
What is the remainder when 836851 is divided by 836551?
300
Calculate the remainder when 45029 is divided by 22401.
227
Calculate the remainder when 31427 is divided by 22.
11
What is the remainder when 32428 is divided by 1630?
1458
Calculate the remainder when 24783 is divided by 891.
726
Calculate the remainder when 26747 is divided by 23.
21
What is the remainder when 313803317 is divided by 78450827?
9
What is the remainder when 2087613 is divided by 31?
11
What is the remainder when 656844 is divided by 1012?
56
What is the remainder when 2657592 is divided by 17256?
168
Calculate the remainder when 1047711 is divided by 349233.
12
What is the remainder when 4717046 is divided by 1286?
1284
Calculate the remainder when 99020679 is divided by 2504.
2503
Calculate the remainder when 2240962 is divided by 13.
9
Calculate the remainder when 137738 is divided by 826.
622
Calculate the remainder when 7154388 is divided by 198733.
0
Calculate the remainder when 152907 is divided by 1376.
171
Calculate the remainder when 2367981 is divided by 39.
18
Calculate the remainder when 10691940 is divided by 13135.
50
What is the remainder when 38637 is divided by 2562?
207
Calculate the remainder when 827878942 is divided by 32.
30
Calculate the remainder when 2480264 is divided by 16872.
80
What is the remainder when 55569 is divided by 53499?
2070
Calculate the remainder when 476146 is divided by 551.
82
What is the remainder when 1783630 is divided by 222944?
78
What is the remainder when 576223 is divided by 707?
18
What is the remainder when 205251 is divided by 72?
51
What is the remainder when 8514940 is divided by 92?
64
What is the remainder when 3090550 is divided by 618040?
350
Calculate the remainder when 998936 is divided by 778.
762
Calculate the remainder when 351994 is divided by 117205.
379
Calculate the remainder when 13799066 is divided by 17078.
42
What is the remainder when 701410 is divided by 140254?
140
What is the remainder when 194585 is divided by 583?
446
Calculate the remainder when 764285 is divided by 764169.
116
What is the remainder when 927849808 is divided by 24?
16
What is the remainder when 352112252 is divided by 16?
12
What is the remainder when 32214211 is divided by 5315?
5311
What is the remainder when 4550899 is divided by 110997?
22
Calculate the remainder when 95689630 is divided by 556335.
10
Calculate the remainder when 40158708 is divided by 680656.
4
Calculate the remainder when 792416 is divided by 263.
260
Calculate the remainder when 109223 is divided by 1402.
1269
Calculate the remainder when 792110 is divided by 511.
60
What is the remainder when 726598 is divided by 80713?
181
Calculate the remainder when 10936040 is divided by 198837.
5
What is the remainder when 13336801 is divided by 13336779?
22
Calculate the remainder when 59166953 is divided by 295.
278
Calculate the remainder when 972535 is divided by 121560.
55
What is the remainder when 825531 is divided by 23893?
13169
What is the remainder when 273499132 is divided by 681?
679
Calculate the remainder when 257770 is divided by 85889.
103
What is the remainder when 922568 is divided by 352?
328
Calculate the remainder when 105630 is divided by 3105.
60
Calculate the remainder when 264995 is divided by 1646.
1635
What is the remainder when 929148 is divided by 119?
115
Calculate the remainder when 310493 is divided by 18.
11
Calculate the remainder when 84331 is divided by 566.
563
What is the remainder when 2852076 is divided by 6587?
6492
Calculate the remainder when 33749045 is divided by 5.
0
What is the remainder when 357770 is divided by 179?
128
Calculate the remainder when 885643 is divided by 46612.
15
What is the remainder when 83426891 is divided by 993?
989
What is the remainder when 132284147 is divided by 1049?
2
Calculate the remainder when 4284016 is divided by 1428.
16
What is the remainder when 5930711 is divided by 1482674?
15
Calculate the remainder when 6236 is divided by 4944.
1292
Calculate the remainder when 2350000 is divided by 1174997.
6
What is the remainder when 18659022 is divided by 1?
0
Calculate the remainder when 491710 is divided by 49.
44
What is the remainder when 259462 is divided by 259443?
19
What is the remainder when 630744 is divided by 131?
110
Calculate the remainder when 52246 is divided by 1800.
46
Calculate the remainder when 5119273 is divided by 11.
5
Calculate the remainder when 1098258 is divided by 54884.
578
Calculate the remainder when 13621187 is divided by 4177.
4167
Calculate the remainder when 69768133 is divided by 2159.
48
Calculate the remainder when 754973 is divided by 8557.
1957
Calculate the remainder when 5739770 is divided by 83.
71
What is the remainder when 107355 is divided by 19?
5
Calculate the remainder when 9475845 is divided by 2368957.
17
Calculate the remainder when 1221631 is divided by 610815.
1
Calculate the remainder when 58202926 is divided by 6384.
6382
Calculate the remainder when 133386 is divided by 26626.
256
What is the remainder when 825958 is divided by 20641?
318
Calculate the remainder when 994030 is divided by 329005.
7015
Calculate the remainder when 14573513 is divided by 2081928.
17
Calculate the remainder when 68209 is divided by 64849.
3360
What is 